 the ten thousands digit of 236311?
3
What is the ten thousands digit of 195959?
9
What is the ten thousands digit of 38001?
3
What is the thousands digit of 291640?
1
What is the hundreds digit of 1742557?
5
What is the ten millions digit of 11183363?
1
What is the thousands digit of 15294603?
4
What is the ten thousands digit of 5536351?
3
What is the thousands digit of 5012265?
2
What is the units digit of 409054?
4
What is the units digit of 599758?
8
What is the units digit of 327874?
4
What is the units digit of 9011412?
2
What is the thousands digit of 212321?
2
What is the units digit of 926264?
4
What is the hundred thousands digit of 8617686?
6
What is the tens digit of 611681?
8
What is the thousands digit of 269895?
9
What is the thousands digit of 28662352?
2
What is the ten thousands digit of 9320472?
2
What is the thousands digit of 591384?
1
What is the hundred thousands digit of 12038218?
0
What is the ten thousands digit of 89981?
8
What is the hundred thousands digit of 304690?
3
What is the hundreds digit of 95250?
2
What is the tens digit of 2470041?
4
What is the hundred thousands digit of 860473?
8
What is the units digit of 3375075?
5
What is the thousands digit of 294072?
4
What is the millions digit of 21696803?
1
What is the hundred thousands digit of 5471143?
4
What is the millions digit of 14225454?
4
What is the tens digit of 935805?
0
What is the hundred thousands digit of 393467?
3
What is the tens digit of 12085142?
4
What is the millions digit of 1395633?
1
What is the hundreds digit of 297657?
6
What is the units digit of 4946967?
7
What is the units digit of 3108164?
4
What is the hundred thousands digit of 976297?
9
What is the thousands digit of 586192?
6
What is the hundred thousands digit of 3187660?
1
What is the tens digit of 929992?
9
What is the hundreds digit of 256432?
4
What is the thousands digit of 611625?
1
What is the millions digit of 2561900?
2
What is the hundreds digit of 706073?
0
What is the hundred thousands digit of 606174?
6
What is the hundred thousands digit of 6121979?
1
What is the thousands digit of 60283?
0
What is the units digit of 40601607?
7
What is the hundreds digit of 2295133?
1
What is the hundreds digit of 1312185?
1
What is the hundreds digit of 46022?
0
What is the hundreds digit of 8091123?
1
What is the millions digit of 23213446?
3
What is the ten thousands digit of 22693015?
9
What is the thousands digit of 79018?
9
What is the ten thousands digit of 87367?
8
What is the units digit of 466226?
6
What is the millions digit of 2568816?
2
What is the tens digit of 4560750?
5
What is the units digit of 8383492?
2
What is the ten thousands digit of 114243?
1
What is the millions digit of 17248653?
7
What is the ten thousands digit of 335576?
3
What is the thousands digit of 1376989?
6
What is the thousands digit of 24027632?
7
What is the units digit of 775246?
6
What is the thousands digit of 1650477?
0
What is the hundreds digit of 3004489?
4
What is the ten thousands digit of 7028159?
2
What is the hundred thousands digit of 802429?
8
What is the millions digit of 11714398?
1
What is the hundreds digit of 140525?
5
What is the units digit of 13079183?
3
What is the hundreds digit of 189200?
2
What is the ten thousands digit of 11560?
1
What is the thousands digit of 271619?
1
What is the millions digit of 2538768?
2
What is the tens digit of 3082031?
3
What is the ten thousands digit of 346247?
4
What is the ten thousands digit of 1789474?
8
What is the units digit of 9770074?
4
What is the millions digit of 11540724?
1
What is the hundreds digit of 923580?
5
What is the ten thousands digit of 18097?
1
What is the hundreds digit of 73481?
4
What is the hundred thousands digit of 135583?
1
What is the tens digit of 5278472?
7
What is the units digit of 9134953?
3
What is the thousands digit of 3527321?
7
What is the units digit of 1436993?
3
What is the ten thousands digit of 4012541?
1
What is the ten thousands digit of 3323104?
2
What is the ten thousands digit of 9608192?
0
What is the ten thousands digit of 402218?
0
What is the thousands digit of 923435?
3
What is the hundreds digit of 528417?
4
What is the units digit of 197259?
9
What is the ten thousands digit of 883727?
8
What is the millions digit of 23746499?
3
What is the hundreds digit of 6078441?
4
What is the tens digit of 134423?
2
What is the units digit of 1194025?
5
What is the units digit of 3049958?
8
What is the thousands digit of 229212?
9
What is the hundred thousands digit of 11370800?
3
What is the units digit of 574235?
5
What is the units digit of 763224?
4
What is the ten thousands digit of 51551?
5
What is the ten thousands digit of 2481194?
8
What is the units digit of 12092367?
7
What is the ten thousands digit of 1750550?
5
What is the hundred thousands digit of 102914?
1
What is the thousands digit of 10709820?
9
What is the ten thousands digit of 2389610?
8
What is the thousands digit of 3679293?
9
What is the units digit of 30904218?
8
What is the thousands digit of 4879212?
9
What is the ten thousands digit of 365677?
6
What is the millions digit of 9149073?
9
What is the units digit of 5233312?
2
What is the hundreds digit of 1202598?
5
What is the tens digit of 293678?
7
What is the ten millions digit of 16369127?
1
What is the hundred thousands digit of 6152628?
1
What is the hundred thousands digit of 2885499?
8
What is the units digit of 211385?
5
What is the units digit of 200227?
7
What is the hundreds digit of 11198058?
0
What is the hundred thousands digit of 623095?
6
What is the units digit of 4013108?
8
What is the tens digit of 508393?
9
What is the thousands digit of 36590?
6
What is the hundred thousands digit of 2824560?
8
What is the units digit of 344770?
0
What is the tens digit of 186325?
2
What is the ten thousands digit of 2120764?
2
What is the tens digit of 138751?
5
What is the thousands digit of 111857?
1
What is the thousands digit of 4669771?
9
What is the hundred thousands digit of 15008186?
0
What is the ten thousands digit of 4899533?
9
What is the thousands digit of 6877957?
7
What is the tens digit of 4533753?
5
What is the hundred thousands digit of 430660?
4
What is the ten thousands digit of 6993696?
9
What is the hundred thousands digit of 166809?
1
What is the ten thousands digit of 74603?
7
What is the tens digit of 178754?
5
What is the hundred thousands digit of 1945082?
9
What is the units digit of 3673584?
4
What is the thousands digit of 135969?
5
What is the units digit of 303927?
7
What is the millions digit of 11000253?
1
What is the ten thousands digit of 3588938?
8
What is the hundreds digit of 116142?
1
What is the tens digit of 5541?
4
What is the tens digit of 814301?
0
What is the thousands digit of 1792786?
2
What is the thousands digit of 5617531?
7
What is the thousands digit of 289883?
9
What is the hundred thousands digit of 275560?
2
What is the hundreds digit of 221209?
2
What is the ten millions digit of 23657038?
2
What is the hundred thousands digit of 501889?
5
What is the millions digit of 26958658?
6
What is the hundred thousands digit of 1248585?
2
What is the tens digit of 38110284?
8
What is the hundreds digit of 5156683?
6
What is the tens digit of 638596?
9
What is the units digit of 375796?
6
What is the ten thousands digit of 4604428?
0
What is the thousands digit of 40503?
0
What is the tens digit of 85065?
6
What is the tens digit of 2524797?
9
What is the tens digit of 1624671?
7
What is the hundred thousands digit of 3150491?
1
What is the units digit of 1019712?
2
What is the hundreds digit of 74857?
8
What is the tens digit of 208677?
7
What is the hundreds digit of 125600?
6
What is the hundreds digit of 8356852?
8
What is the thousands digit of 160988?
0
What is the tens digit of 3055272?
7
What is the units digit of 2183479?
9
What is the ten thousands digit of 8604040?
0
What is the tens digit of 236837?
3
What is the units digit of 2799322?
2
What is the ten thousands digit of 260952?
6
What is the hundreds digit of 1906992?
9
What is the thousands digit of 19608971?
8
What is the ten thousands digit of 210921?
1
What is the millions digit of 1165217?
1
What is the tens digit of 13076194?
9
Wh